{"id":43,"date":"2024-03-05T03:24:20","date_gmt":"2024-03-05T03:24:20","guid":{"rendered":"https:\/\/lajoyita.org\/?page_id=43"},"modified":"2024-08-17T00:17:01","modified_gmt":"2024-08-17T00:17:01","slug":"43-2","status":"publish","type":"page","link":"https:\/\/lajoyita.org\/","title":{"rendered":"Main Home Page"},"content":{"rendered":"<p>[et_pb_section fb_built=&#8221;1&#8243; next_background_color=&#8221;#8ddbfc&#8221; admin_label=&#8221;Header&#8221; _builder_version=&#8221;4.24.2&#8243; _module_preset=&#8221;default&#8221; background_color=&#8221;RGBA(255,255,255,0)&#8221; background_image=&#8221;http:\/\/lajoyita.org\/wp-content\/uploads\/2024\/03\/La-Joyita-Logo-SuperEnhanced-1.png&#8221; custom_margin=&#8221;|0px|0px|0px|false|false&#8221; custom_padding=&#8221;10vw|0px|10vw||false|false&#8221; bottom_divider_style=&#8221;mountains2&#8243; background_last_edited=&#8221;on|desktop&#8221; parallax_tablet=&#8221;off&#8221; background_size_tablet=&#8221;cover&#8221; global_colors_info=&#8221;{}&#8221;][et_pb_row _builder_version=&#8221;4.24.2&#8243; _module_preset=&#8221;default&#8221; width=&#8221;59%&#8221; module_alignment=&#8221;center&#8221; global_colors_info=&#8221;{}&#8221;][et_pb_column type=&#8221;4_4&#8243; _builder_version=&#8221;4.16&#8243; _module_preset=&#8221;default&#8221; global_colors_info=&#8221;{}&#8221;][et_pb_text _builder_version=&#8221;4.16&#8243; _module_preset=&#8221;d5dbb5d4-7ec7-4306-b6c5-1435f277faf4&#8243; header_font=&#8221;Candal||||||||&#8221; header_text_color=&#8221;#000000&#8243; header_font_size=&#8221;60px&#8221; header_line_height=&#8221;1.2em&#8221; width=&#8221;70%&#8221; width_tablet=&#8221;&#8221; width_phone=&#8221;100%&#8221; width_last_edited=&#8221;on|phone&#8221; custom_margin=&#8221;||16px||false|false&#8221; header_font_size_tablet=&#8221;36px&#8221; header_font_size_phone=&#8221;24px&#8221; header_font_size_last_edited=&#8221;on|phone&#8221; global_colors_info=&#8221;{}&#8221;]<\/p>\n<h1><span style=\"color: #ffffff;\">Bienvenidos a la Joyita!<\/span><\/h1>\n<p>[\/et_pb_text][et_pb_image src=&#8221;http:\/\/lajoyita.org\/wp-content\/uploads\/2024\/03\/online-classroom-02.png&#8221; title_text=&#8221;online-classroom-02&#8243; _builder_version=&#8221;4.16&#8243; _module_preset=&#8221;default&#8221; width=&#8221;100%&#8221; width_tablet=&#8221;38%&#8221; width_phone=&#8221;38%&#8221; width_last_edited=&#8221;on|tablet&#8221; global_colors_info=&#8221;{}&#8221;][\/et_pb_image][et_pb_text _builder_version=&#8221;4.24.2&#8243; _module_preset=&#8221;default&#8221; text_font=&#8221;Montserrat|500|||||||&#8221; text_font_size=&#8221;20px&#8221; text_line_height=&#8221;1.8em&#8221; max_width=&#8221;510px&#8221; text_font_size_tablet=&#8221;16px&#8221; text_font_size_phone=&#8221;14px&#8221; text_font_size_last_edited=&#8221;on|phone&#8221; global_colors_info=&#8221;{}&#8221;]<\/p>\n<p><span style=\"color: #ffffff;\">Nuestro Proposito es acercar el arte a la comunidad<\/span><\/p>\n<p>[\/et_pb_text][et_pb_button button_text=&#8221;Inscribete&#8221; _builder_version=&#8221;4.24.2&#8243; _module_preset=&#8221;8184cb9b-42f7-4818-81ef-c140a1978c04&#8243; custom_button=&#8221;on&#8221; button_text_size=&#8221;14px&#8221; button_text_color=&#8221;#FFFFFF&#8221; button_bg_color=&#8221;#000000&#8243; button_border_width=&#8221;0px&#8221; button_border_radius=&#8221;0px&#8221; button_font=&#8221;Candal||||||||&#8221; button_icon=&#8221;&#x45;||divi||400&#8243; custom_padding=&#8221;14px|24px|14px|24px|true|true&#8221; custom_padding_tablet=&#8221;&#8221; custom_padding_phone=&#8221;|30px||30px|true|true&#8221; custom_padding_last_edited=&#8221;on|phone&#8221; button_text_size_tablet=&#8221;16px&#8221; button_text_size_phone=&#8221;14px&#8221; button_text_size_last_edited=&#8221;on|desktop&#8221; global_colors_info=&#8221;{}&#8221;][\/et_pb_button][\/et_pb_column][\/et_pb_row][\/et_pb_section][et_pb_section fb_built=&#8221;1&#8243; admin_label=&#8221;Feature&#8221; _builder_version=&#8221;4.24.2&#8243; _module_preset=&#8221;default&#8221; background_color=&#8221;#8ddbfc&#8221; hover_enabled=&#8221;0&#8243; global_colors_info=&#8221;{}&#8221; custom_padding=&#8221;0px||||false|false&#8221; custom_margin=&#8221;0px||-237px||false|false&#8221; sticky_enabled=&#8221;0&#8243;][et_pb_row column_structure=&#8221;1_2,1_2&#8243; _builder_version=&#8221;4.24.2&#8243; _module_preset=&#8221;default&#8221; global_colors_info=&#8221;{}&#8221;][et_pb_column type=&#8221;1_2&#8243; _builder_version=&#8221;4.16&#8243; _module_preset=&#8221;default&#8221; global_colors_info=&#8221;{}&#8221;][et_pb_image src=&#8221;http:\/\/lajoyita.org\/wp-content\/uploads\/2024\/03\/Pagina-Principal-Conoce-Nuestros-Talleres.jpg&#8221; title_text=&#8221;Pagina Principal-Conoce Nuestros Talleres&#8221; align=&#8221;right&#8221; _builder_version=&#8221;4.24.2&#8243; _module_preset=&#8221;default&#8221; width_last_edited=&#8221;off|phone&#8221; height=&#8221;884px&#8221; custom_margin=&#8221;1vw|||-410px|false|false&#8221; custom_margin_tablet=&#8221;100vw||-401px|0px|false|false&#8221; custom_margin_phone=&#8221;296vw||-489px|0px|false|false&#8221; custom_margin_last_edited=&#8221;on|tablet&#8221; hover_enabled=&#8221;0&#8243; border_radii=&#8221;on|164px|164px|164px|164px&#8221; global_colors_info=&#8221;{}&#8221; sticky_enabled=&#8221;0&#8243; src_last_edited=&#8221;on|tablet&#8221; min_height=&#8221;652px&#8221; custom_padding=&#8221;0px||432px||false|false&#8221; show_bottom_space=&#8221;off&#8221; src_tablet=&#8221;http:\/\/lajoyita.org\/wp-content\/uploads\/2024\/03\/Pagina-Principal-Conoce-Nuestros-Talleres.jpg&#8221; src_phone=&#8221;http:\/\/lajoyita.org\/wp-content\/uploads\/2024\/03\/Pagina-Principal-Conoce-Nuestros-Talleres.jpg&#8221;][\/et_pb_image][\/et_pb_column][et_pb_column type=&#8221;1_2&#8243; _builder_version=&#8221;4.16&#8243; _module_preset=&#8221;default&#8221; custom_padding=&#8221;50px||||false|false&#8221; custom_padding_tablet=&#8221;0px||||false|false&#8221; custom_padding_phone=&#8221;&#8221; custom_padding_last_edited=&#8221;on|phone&#8221; global_colors_info=&#8221;{}&#8221;][et_pb_text _builder_version=&#8221;4.24.2&#8243; _module_preset=&#8221;a14a3070-0f27-4166-b303-92f53a7af324&#8243; header_2_font=&#8221;Candal||||||||&#8221; header_2_text_color=&#8221;#000000&#8243; header_2_font_size=&#8221;42px&#8221; header_2_line_height=&#8221;1.2em&#8221; custom_margin=&#8221;||10px||false|false&#8221; hover_enabled=&#8221;0&#8243; header_2_font_size_tablet=&#8221;30px&#8221; header_2_font_size_phone=&#8221;20px&#8221; header_2_font_size_last_edited=&#8221;on|tablet&#8221; global_colors_info=&#8221;{}&#8221; custom_margin_last_edited=&#8221;on|tablet&#8221; sticky_enabled=&#8221;0&#8243; custom_margin_tablet=&#8221;-1762px||-13px||false|false&#8221; custom_padding=&#8221;0px||0px||false|false&#8221; custom_margin_phone=&#8221;-2118px||||false|false&#8221;]<\/p>\n<h2>Conoce Nuestros Talleres<\/h2>\n<p>[\/et_pb_text][et_pb_image src=&#8221;http:\/\/lajoyita.org\/wp-content\/uploads\/2024\/03\/online-classroom-03.png&#8221; title_text=&#8221;online-classroom-03&#8243; _builder_version=&#8221;4.24.2&#8243; _module_preset=&#8221;default&#8221; global_colors_info=&#8221;{}&#8221;][\/et_pb_image][et_pb_accordion open_toggle_text_color=&#8221;#000000&#8243; open_toggle_background_color=&#8221;RGBA(0,0,0,0)&#8221; closed_toggle_background_color=&#8221;RGBA(0,0,0,0)&#8221; icon_color=&#8221;#4350ff&#8221; _builder_version=&#8221;4.24.2&#8243; _module_preset=&#8221;default&#8221; toggle_text_color=&#8221;#000000&#8243; toggle_font=&#8221;Candal||||||||&#8221; toggle_font_size=&#8221;14px&#8221; toggle_line_height=&#8221;1.6em&#8221; body_font=&#8221;Montserrat||||||||&#8221; body_text_color=&#8221;#000000&#8243; body_font_size=&#8221;22px&#8221; width_tablet=&#8221;&#8221; width_phone=&#8221;&#8221; width_last_edited=&#8221;on|desktop&#8221; custom_margin=&#8221;||||false|false&#8221; custom_padding=&#8221;||||false|false&#8221; global_colors_info=&#8221;{%22gcid-1a1ef5e7-0e56-426b-aff4-02aa800905cc%22:%91%93}&#8221;][et_pb_accordion_item title=&#8221;Contamos con talleres en diversas disciplinas: mosaico, m\u00fasica, percusi\u00f3n, serigraf\u00eda, y adem\u00e1s se imparten cursos de danza y teatro, entre otras artes, para capacitaci\u00f3n y desarrollo comunitario que ofrece herramientas creativas y ocupacionales a los vecinos de la colonia Santa clara.&#8221; open=&#8221;on&#8221; _builder_version=&#8221;4.24.2&#8243; _module_preset=&#8221;default&#8221; background_image=&#8221;http:\/\/lajoyita.org\/wp-content\/uploads\/2024\/03\/online-classroom-illustration-6-2.png&#8221; background_enable_image=&#8221;on&#8221; background_size=&#8221;initial&#8221; background_position=&#8221;bottom_center&#8221; background_repeat=&#8221;repeat-x&#8221; custom_margin=&#8221;||0px||false|false&#8221; custom_padding=&#8221;32px|0px|32px|0px|true|true&#8221; border_width_all=&#8221;0px&#8221; global_colors_info=&#8221;{}&#8221; toggle_font_size=&#8221;24px&#8221;][\/et_pb_accordion_item][et_pb_accordion_item title=&#8221;Foro de la Joyita&#8221; _builder_version=&#8221;4.24.2&#8243; _module_preset=&#8221;default&#8221; background_image=&#8221;http:\/\/lajoyita.org\/wp-content\/uploads\/2024\/03\/online-classroom-illustration-6-2.png&#8221; background_enable_image=&#8221;on&#8221; background_size=&#8221;initial&#8221; background_position=&#8221;bottom_center&#8221; background_repeat=&#8221;repeat-x&#8221; custom_margin=&#8221;||0px||false|false&#8221; custom_padding=&#8221;32px|0px|32px|0px|true|true&#8221; border_width_all=&#8221;0px&#8221; global_colors_info=&#8221;{}&#8221; toggle_font_size=&#8221;24px&#8221; open=&#8221;off&#8221;]<\/p>\n<p><span>La Joyita cuenta tambi\u00e9n con un foro para realizar actividades sociales y culturales como presentaciones musicales y artes esc\u00e9nicas, adem\u00e1s de una pantalla de proyecci\u00f3n para funciones de cine comunitario poder continuar fortaleciendo los lazos sociales y el bienestar del barrio. Invitamos a todos los vecinos de la colonia Santa Clara, as\u00ed como a la sociedad Mexicalense a participar activamente en este proyecto para bien de las ni\u00f1as, los ni\u00f1os, j\u00f3venes y adultos de nuestra comunidad.<\/span><\/p>\n<p>[\/et_pb_accordion_item][et_pb_accordion_item title=&#8221;Exposiciones De Arte&#8221; _builder_version=&#8221;4.24.2&#8243; _module_preset=&#8221;default&#8221; background_image=&#8221;http:\/\/lajoyita.org\/wp-content\/uploads\/2024\/03\/online-classroom-illustration-6-2.png&#8221; background_enable_image=&#8221;on&#8221; background_size=&#8221;initial&#8221; background_position=&#8221;bottom_center&#8221; background_repeat=&#8221;repeat-x&#8221; custom_margin=&#8221;||0px||false|false&#8221; custom_padding=&#8221;32px|0px|32px|0px|true|true&#8221; border_width_all=&#8221;0px&#8221; global_colors_info=&#8221;{}&#8221; toggle_font_size=&#8221;24px&#8221; open=&#8221;off&#8221;]<\/p>\n<p><span class=\"brz-cp-color7\">Cada\u00a0\u00a0a\u00f1o como parte de las actividades de fortalecimiento de la comunidad se realizan dos exposiciones de arte con los trabajos finales de los alumnos, adem\u00e1s de presentaciones art\u00edsticas de los alumnos de danza, m\u00fasica y teatro. se invita a los vecinos, amigos y familiares a formar parte.<\/span><span> <\/span><\/p>\n<p>[\/et_pb_accordion_item][\/et_pb_accordion][et_pb_button button_text=&#8221;Aprende Mas&#8221; _builder_version=&#8221;4.24.2&#8243; _module_preset=&#8221;8184cb9b-42f7-4818-81ef-c140a1978c04&#8243; custom_button=&#8221;on&#8221; button_text_size=&#8221;14px&#8221; button_text_color=&#8221;#FFFFFF&#8221; button_bg_color=&#8221;#000000&#8243; button_border_width=&#8221;0px&#8221; button_border_radius=&#8221;0px&#8221; button_font=&#8221;Candal||||||||&#8221; button_icon=&#8221;&#x45;||divi||400&#8243; custom_padding=&#8221;14px|24px|14px|24px|true|true&#8221; custom_padding_tablet=&#8221;&#8221; custom_padding_phone=&#8221;|30px||30px|true|true&#8221; custom_padding_last_edited=&#8221;on|phone&#8221; hover_enabled=&#8221;0&#8243; button_text_size_tablet=&#8221;16px&#8221; button_text_size_phone=&#8221;14px&#8221; button_text_size_last_edited=&#8221;on|desktop&#8221; global_colors_info=&#8221;{}&#8221; sticky_enabled=&#8221;0&#8243;][\/et_pb_button][\/et_pb_column][\/et_pb_row][\/et_pb_section][et_pb_section fb_built=&#8221;1&#8243; prev_background_color=&#8221;#8ddbfc&#8221; next_background_color=&#8221;#ffffff&#8221; admin_label=&#8221;Call to Action&#8221; _builder_version=&#8221;4.16&#8243; _module_preset=&#8221;default&#8221; background_color=&#8221;#4350ff&#8221; background_enable_image=&#8221;off&#8221; background_size=&#8221;contain&#8221; background_position=&#8221;top_center&#8221; custom_padding=&#8221;10vw||10vw||false|false&#8221; top_divider_style=&#8221;mountains&#8221; top_divider_height=&#8221;6vw&#8221; bottom_divider_style=&#8221;mountains2&#8243; bottom_divider_height=&#8221;6vw&#8221; global_colors_info=&#8221;{}&#8221;][et_pb_row _builder_version=&#8221;4.24.2&#8243; _module_preset=&#8221;default&#8221; max_width=&#8221;1500px&#8221; module_alignment=&#8221;center&#8221; custom_margin=&#8221;|||33px|false|false&#8221; custom_padding=&#8221;|||0px||&#8221; global_colors_info=&#8221;{}&#8221;][et_pb_column type=&#8221;4_4&#8243; _builder_version=&#8221;4.16&#8243; _module_preset=&#8221;default&#8221; global_colors_info=&#8221;{}&#8221;][et_pb_text _builder_version=&#8221;4.16&#8243; _module_preset=&#8221;a14a3070-0f27-4166-b303-92f53a7af324&#8243; header_2_font=&#8221;Candal||||||||&#8221; header_2_text_color=&#8221;#FFFFFF&#8221; header_2_font_size=&#8221;42px&#8221; header_2_line_height=&#8221;1.2em&#8221; text_orientation=&#8221;center&#8221; background_layout=&#8221;dark&#8221; custom_margin=&#8221;||10px||false|false&#8221; hover_enabled=&#8221;0&#8243; header_2_font_size_tablet=&#8221;30px&#8221; header_2_font_size_phone=&#8221;20px&#8221; header_2_font_size_last_edited=&#8221;on|tablet&#8221; locked=&#8221;off&#8221; global_colors_info=&#8221;{}&#8221; sticky_enabled=&#8221;0&#8243;]<\/p>\n<h2>Nuestros Estudiantes Hablan!<\/h2>\n<p>[\/et_pb_text][et_pb_text _builder_version=&#8221;4.24.2&#8243; _module_preset=&#8221;37ecd0c5-bb26-4380-8165-01e95e02d8be&#8221; header_3_font=&#8221;Candal||||||||&#8221; header_3_text_color=&#8221;#000000&#8243; header_3_line_height=&#8221;1.2em&#8221; text_orientation=&#8221;center&#8221; background_layout=&#8221;dark&#8221; custom_margin=&#8221;||10px||false|false&#8221; header_3_font_size_tablet=&#8221;20px&#8221; header_3_font_size_phone=&#8221;16px&#8221; header_3_font_size_last_edited=&#8221;on|desktop&#8221; header_3_line_height_tablet=&#8221;&#8221; header_3_line_height_phone=&#8221;1.4em&#8221; header_3_line_height_last_edited=&#8221;on|phone&#8221; locked=&#8221;off&#8221; global_colors_info=&#8221;{}&#8221;]<\/p>\n<h3>Los Alumnos son testigos de nuestros talleres<\/h3>\n<p>[\/et_pb_text][et_pb_image src=&#8221;http:\/\/lajoyita.org\/wp-content\/uploads\/2024\/03\/pexels-buro-millennial-1438081-1-scaled.jpg&#8221; title_text=&#8221;pexels-buro-millennial-1438081&#8243; _builder_version=&#8221;4.24.2&#8243; _module_preset=&#8221;default&#8221; width=&#8221;30%&#8221; hover_enabled=&#8221;0&#8243; border_radii=&#8221;on|272px|272px|272px|272px&#8221; global_colors_info=&#8221;{}&#8221; sticky_enabled=&#8221;0&#8243;][\/et_pb_image][et_pb_testimonial author=&#8221;Ricardo Gonzalez&#8221; _builder_version=&#8221;4.24.2&#8243; _module_preset=&#8221;default&#8221; author_text_color=&#8221;#000000&#8243; background_color=&#8221;#FFFFFF&#8221; custom_margin=&#8221;-353px|||515px|false|false&#8221; custom_margin_tablet=&#8221;-245px|||0px|false|false&#8221; custom_margin_phone=&#8221;|||0px|false|false&#8221; custom_margin_last_edited=&#8221;on|tablet&#8221; hover_enabled=&#8221;0&#8243; global_colors_info=&#8221;{}&#8221; sticky_enabled=&#8221;0&#8243;]<\/p>\n<p><span style=\"color: #000000;\"><strong>&#8220;Mi experiencia en la Escuela de Artes y Oficios ha sido verdaderamente transformadora. Desde el primer d\u00eda, me sent\u00ed inspirado por el ambiente creativo y el apoyo de los instructores expertos. A trav\u00e9s de sus clases magistrales y pr\u00e1cticas, he descubierto nuevas habilidades y t\u00e9cnicas que nunca pens\u00e9 que podr\u00eda dominar.&#8221;<\/strong><\/span><\/p>\n<p>[\/et_pb_testimonial][et_pb_image src=&#8221;http:\/\/lajoyita.org\/wp-content\/uploads\/2024\/03\/pexels-anastasiya-gepp-1462630-1-scaled-e1710804804154.jpg&#8221; title_text=&#8221;pexels-anastasiya-gepp-1462630 (1)&#8221; align=&#8221;right&#8221; _builder_version=&#8221;4.24.2&#8243; _module_preset=&#8221;default&#8221; width=&#8221;30%&#8221; min_height=&#8221;100px&#8221; custom_padding=&#8221;48px||||false|false&#8221; border_radii=&#8221;on|300px|300px|300px|300px&#8221; global_colors_info=&#8221;{}&#8221;][\/et_pb_image][et_pb_testimonial author=&#8221;Emilia Ramirez&#8221; _builder_version=&#8221;4.24.2&#8243; _module_preset=&#8221;default&#8221; author_text_color=&#8221;#000000&#8243; width=&#8221;65.5%&#8221; custom_margin=&#8221;-346px||||false|false&#8221; custom_padding=&#8221;||||false&#8221; hover_enabled=&#8221;0&#8243; global_colors_info=&#8221;{}&#8221; custom_margin_last_edited=&#8221;on|tablet&#8221; sticky_enabled=&#8221;0&#8243; custom_margin_tablet=&#8221;-251px||||false|false&#8221; custom_margin_phone=&#8221;-251px||||false|false&#8221;]<\/p>\n<p><span style=\"color: #000000;\"><strong>&#8220;La Escuela de Artes y Oficios ha sido mi hogar creativo desde el primer d\u00eda. Aqu\u00ed, he descubierto nuevas habilidades, explorado mi creatividad y encontrado una comunidad de personas apasionadas como yo. Cada proyecto es un testimonio de mi crecimiento personal y mi gratitud por esta experiencia \u00fanica.&#8221;<\/strong><\/span><\/p>\n<p>[\/et_pb_testimonial][et_pb_image src=&#8221;http:\/\/lajoyita.org\/wp-content\/uploads\/2024\/03\/pexels-andrea-piacquadio-3762800-1-scaled-e1710808274544.jpg&#8221; title_text=&#8221;pexels-andrea-piacquadio-3762800 (1)&#8221; _builder_version=&#8221;4.24.2&#8243; _module_preset=&#8221;default&#8221; width=&#8221;30%&#8221; custom_padding=&#8221;71px||||false|false&#8221; border_radii=&#8221;on|266px|266px|266px|266px&#8221; global_colors_info=&#8221;{}&#8221;][\/et_pb_image][et_pb_testimonial author=&#8221;Mariana Gutierrez&#8221; _builder_version=&#8221;4.24.2&#8243; _module_preset=&#8221;default&#8221; author_text_color=&#8221;#000000&#8243; width=&#8221;65.5%&#8221; module_alignment=&#8221;right&#8221; custom_margin=&#8221;-360px||||false|false&#8221; hover_enabled=&#8221;0&#8243; global_colors_info=&#8221;{}&#8221; custom_margin_last_edited=&#8221;on|tablet&#8221; sticky_enabled=&#8221;0&#8243; custom_margin_tablet=&#8221;-251px||||false|false&#8221; custom_margin_phone=&#8221;-251px||||false|false&#8221;]<\/p>\n<p><span style=\"color: #000000;\"><strong>&#8220;Desde que me un\u00ed a la Escuela de Artes y Oficios, mi vida ha experimentado una transformaci\u00f3n incre\u00edble. Aqu\u00ed, en un ambiente vibrante y lleno de creatividad, he encontrado mi verdadero lugar. Cada d\u00eda es una nueva oportunidad para explorar, aprender y expresarme de maneras que nunca antes hab\u00eda imaginado.&#8221;<\/strong><\/span><\/p>\n<p>[\/et_pb_testimonial][et_pb_button button_text=&#8221;Descubre Nuestros Talleres&#8221; button_alignment=&#8221;center&#8221; _builder_version=&#8221;4.24.2&#8243; _module_preset=&#8221;8184cb9b-42f7-4818-81ef-c140a1978c04&#8243; custom_button=&#8221;on&#8221; button_text_size=&#8221;14px&#8221; button_text_color=&#8221;#FFFFFF&#8221; button_bg_color=&#8221;#000000&#8243; button_border_width=&#8221;0px&#8221; button_border_radius=&#8221;0px&#8221; button_font=&#8221;Candal||||||||&#8221; button_icon=&#8221;&#x45;||divi||400&#8243; custom_margin=&#8221;196px||-5px||false|false&#8221; custom_padding=&#8221;14px|24px|14px|24px|true|true&#8221; custom_padding_phone=&#8221;|30px||30px|true|true&#8221; custom_padding_last_edited=&#8221;off|desktop&#8221; hover_enabled=&#8221;0&#8243; button_text_size_tablet=&#8221;16px&#8221; button_text_size_phone=&#8221;14px&#8221; button_text_size_last_edited=&#8221;off|desktop&#8221; locked=&#8221;off&#8221; global_colors_info=&#8221;{}&#8221; custom_margin_last_edited=&#8221;on|tablet&#8221; sticky_enabled=&#8221;0&#8243; custom_margin_tablet=&#8221;107px||||false|false&#8221; custom_margin_phone=&#8221;107px||||false|false&#8221;][\/et_pb_button][\/et_pb_column][\/et_pb_row][\/et_pb_section]<\/p>\n","protected":false},"excerpt":{"rendered":"<p>Bienvenidos a la Joyita!Nuestro Proposito es acercar el arte a la comunidadConoce Nuestros TalleresLa Joyita cuenta tambi\u00e9n con un foro para realizar actividades sociales y culturales como presentaciones musicales y artes esc\u00e9nicas, adem\u00e1s de una pantalla de proyecci\u00f3n para funciones de cine comunitario poder continuar fortaleciendo los lazos sociales y el bienestar del barrio. Invitamos [&hellip;]<\/p>\n","protected":false},"author":1,"featured_media":0,"parent":0,"menu_order":0,"comment_status":"closed","ping_status":"closed","template":"","meta":{"_et_pb_use_builder":"on","_et_pb_old_content":"","_et_gb_content_width":"","footnotes":""},"class_list":["post-43","page","type-page","status-publish","hentry"],"yoast_head":"<!-- This site is optimized with the Yoast SEO plugin v23.6 - https:\/\/yoast.com\/wordpress\/plugins\/seo\/ -->\n<title>Main Home Page - La Joyita<\/title>\n<meta name=\"robots\" content=\"index, follow, max-snippet:-1, max-image-preview:large, max-video-preview:-1\" \/>\n<link rel=\"canonical\" href=\"https:\/\/lajoyita.org\/\" \/>\n<meta property=\"og:locale\" content=\"en_US\" \/>\n<meta property=\"og:type\" content=\"article\" \/>\n<meta property=\"og:title\" content=\"Main Home Page - La Joyita\" \/>\n<meta property=\"og:description\" content=\"Bienvenidos a la Joyita!Nuestro Proposito es acercar el arte a la comunidadConoce Nuestros TalleresLa Joyita cuenta tambi\u00e9n con un foro para realizar actividades sociales y culturales como presentaciones musicales y artes esc\u00e9nicas, adem\u00e1s de una pantalla de proyecci\u00f3n para funciones de cine comunitario poder continuar fortaleciendo los lazos sociales y el bienestar del barrio. Invitamos [&hellip;]\" \/>\n<meta property=\"og:url\" content=\"https:\/\/lajoyita.org\/\" \/>\n<meta property=\"og:site_name\" content=\"La Joyita\" \/>\n<meta property=\"article:modified_time\" content=\"2024-08-17T00:17:01+00:00\" \/>\n<meta name=\"twitter:card\" content=\"summary_large_image\" \/>\n<meta name=\"twitter:label1\" content=\"Est. reading time\" \/>\n\t<meta name=\"twitter:data1\" content=\"10 minutes\" \/>\n<script type=\"application\/ld+json\" class=\"yoast-schema-graph\">{\"@context\":\"https:\/\/schema.org\",\"@graph\":[{\"@type\":\"WebPage\",\"@id\":\"https:\/\/lajoyita.org\/\",\"url\":\"https:\/\/lajoyita.org\/\",\"name\":\"Main Home Page - La Joyita\",\"isPartOf\":{\"@id\":\"https:\/\/lajoyita.org\/#website\"},\"datePublished\":\"2024-03-05T03:24:20+00:00\",\"dateModified\":\"2024-08-17T00:17:01+00:00\",\"breadcrumb\":{\"@id\":\"https:\/\/lajoyita.org\/#breadcrumb\"},\"inLanguage\":\"en-US\",\"potentialAction\":[{\"@type\":\"ReadAction\",\"target\":[\"https:\/\/lajoyita.org\/\"]}]},{\"@type\":\"BreadcrumbList\",\"@id\":\"https:\/\/lajoyita.org\/#breadcrumb\",\"itemListElement\":[{\"@type\":\"ListItem\",\"position\":1,\"name\":\"Home\",\"item\":\"https:\/\/lajoyita.org\/\"},{\"@type\":\"ListItem\",\"position\":2,\"name\":\"Main Home Page\"}]},{\"@type\":\"WebSite\",\"@id\":\"https:\/\/lajoyita.org\/#website\",\"url\":\"https:\/\/lajoyita.org\/\",\"name\":\"La Joyita\",\"description\":\"\",\"potentialAction\":[{\"@type\":\"SearchAction\",\"target\":{\"@type\":\"EntryPoint\",\"urlTemplate\":\"https:\/\/lajoyita.org\/?s={search_term_string}\"},\"query-input\":{\"@type\":\"PropertyValueSpecification\",\"valueRequired\":true,\"valueName\":\"search_term_string\"}}],\"inLanguage\":\"en-US\"}]}<\/script>\n<!-- \/ Yoast SEO plugin. -->","yoast_head_json":{"title":"Main Home Page - La Joyita","robots":{"index":"index","follow":"follow","max-snippet":"max-snippet:-1","max-image-preview":"max-image-preview:large","max-video-preview":"max-video-preview:-1"},"canonical":"https:\/\/lajoyita.org\/","og_locale":"en_US","og_type":"article","og_title":"Main Home Page - La Joyita","og_description":"Bienvenidos a la Joyita!Nuestro Proposito es acercar el arte a la comunidadConoce Nuestros TalleresLa Joyita cuenta tambi\u00e9n con un foro para realizar actividades sociales y culturales como presentaciones musicales y artes esc\u00e9nicas, adem\u00e1s de una pantalla de proyecci\u00f3n para funciones de cine comunitario poder continuar fortaleciendo los lazos sociales y el bienestar del barrio. Invitamos [&hellip;]","og_url":"https:\/\/lajoyita.org\/","og_site_name":"La Joyita","article_modified_time":"2024-08-17T00:17:01+00:00","twitter_card":"summary_large_image","twitter_misc":{"Est. reading time":"10 minutes"},"schema":{"@context":"https:\/\/schema.org","@graph":[{"@type":"WebPage","@id":"https:\/\/lajoyita.org\/","url":"https:\/\/lajoyita.org\/","name":"Main Home Page - La Joyita","isPartOf":{"@id":"https:\/\/lajoyita.org\/#website"},"datePublished":"2024-03-05T03:24:20+00:00","dateModified":"2024-08-17T00:17:01+00:00","breadcrumb":{"@id":"https:\/\/lajoyita.org\/#breadcrumb"},"inLanguage":"en-US","potentialAction":[{"@type":"ReadAction","target":["https:\/\/lajoyita.org\/"]}]},{"@type":"BreadcrumbList","@id":"https:\/\/lajoyita.org\/#breadcrumb","itemListElement":[{"@type":"ListItem","position":1,"name":"Home","item":"https:\/\/lajoyita.org\/"},{"@type":"ListItem","position":2,"name":"Main Home Page"}]},{"@type":"WebSite","@id":"https:\/\/lajoyita.org\/#website","url":"https:\/\/lajoyita.org\/","name":"La Joyita","description":"","potentialAction":[{"@type":"SearchAction","target":{"@type":"EntryPoint","urlTemplate":"https:\/\/lajoyita.org\/?s={search_term_string}"},"query-input":{"@type":"PropertyValueSpecification","valueRequired":true,"valueName":"search_term_string"}}],"inLanguage":"en-US"}]}},"_links":{"self":[{"href":"https:\/\/lajoyita.org\/index.php\/wp-json\/wp\/v2\/pages\/43"}],"collection":[{"href":"https:\/\/lajoyita.org\/index.php\/wp-json\/wp\/v2\/pages"}],"about":[{"href":"https:\/\/lajoyita.org\/index.php\/wp-json\/wp\/v2\/types\/page"}],"author":[{"embeddable":true,"href":"https:\/\/lajoyita.org\/index.php\/wp-json\/wp\/v2\/users\/1"}],"replies":[{"embeddable":true,"href":"https:\/\/lajoyita.org\/index.php\/wp-json\/wp\/v2\/comments?post=43"}],"version-history":[{"count":28,"href":"https:\/\/lajoyita.org\/index.php\/wp-json\/wp\/v2\/pages\/43\/revisions"}],"predecessor-version":[{"id":220,"href":"https:\/\/lajoyita.org\/index.php\/wp-json\/wp\/v2\/pages\/43\/revisions\/220"}],"wp:attachment":[{"href":"https:\/\/lajoyita.org\/index.php\/wp-json\/wp\/v2\/media?parent=43"}],"curies":[{"name":"wp","href":"https:\/\/api.w.org\/{rel}","templated":true}]}}